, 2011
What are the prime factors of 3438957702?
2, 3, 113, 283, 17923
What are the prime factors of 34293645?
3, 5, 254027
List the prime factors of 54253056.
2, 3, 11, 13, 19
List the prime factors of 176449062.
2, 3, 3547, 8291
What are the prime factors of 126527462?
2, 23, 2750597
What are the prime factors of 13141414?
2, 11, 13, 45949
List the prime factors of 6333990683.
6333990683
What are the prime factors of 5214424711?
149, 34996139
List the prime factors of 34181145.
3, 5, 759581
List the prime factors of 617128420.
2, 5, 30856421
List the prime factors of 1107636854.
2, 59, 109, 86117
What are the prime factors of 124184746?
2, 7, 137, 64747
What are the prime factors of 622480283?
53, 11744911
List the prime factors of 5885791023.
3, 7, 43, 1621, 4021
What are the prime factors of 63687874?
2, 23, 53, 151, 173
What are the prime factors of 146371629?
3, 577, 84559
What are the prime factors of 997863020?
2, 5, 7, 11, 647963
What are the prime factors of 145972932?
2, 3, 7, 1737773
What are the prime factors of 1451559?
3, 483853
List the prime factors of 240240406.
2, 7, 47, 365107
What are the prime factors of 3910473377?
79, 49499663
List the prime factors of 6451165384.
2, 806395673
What are the prime factors of 5613100222?
2, 17, 165091183
List the prime factors of 28655513.
2903, 9871
What are the prime factors of 359381524?
2, 89845381
What are the prime factors of 56714802?
2, 3, 9452467
What are the prime factors of 984492864?
2, 3, 1709189
List the prime factors of 1070476292.
2, 267619073
What are the prime factors of 112846259?
112846259
What are the prime factors of 169341691?
169341691
What are the prime factors of 256950283?
911, 282053
List the prime factors of 6369413889.
3, 5623, 377581
List the prime factors of 2535261955.
5, 507052391
List the prime factors of 126129902.
2, 17, 3709703
List the prime factors of 1916490497.
61, 167, 419, 449
What are the prime factors of 528157210?
2, 5, 7, 359, 21017
What are the prime factors of 366055063?
11, 33277733
What are the prime factors of 166943304?
2, 3, 11, 101, 2087
List the prime factors of 228932800.
2, 5, 23, 6221
List the prime factors of 68986952.
2, 17, 67, 113
List the prime factors of 1070849862.
2, 3, 19830553
List the prime factors of 196035669.
3, 211, 103231
List the prime factors of 2348251684.
2, 17, 29, 59, 20183
What are the prime factors of 469697520?
2, 3, 5, 167, 11719
List the prime factors of 530739478.
2, 265369739
List the prime factors of 11514233.
2039, 5647
List the prime factors of 337759293.
3, 112586431
List the prime factors of 386216313.
3, 7, 349, 52697
What are the prime factors of 56079266?
2, 131, 214043
What are the prime factors of 6994753521?
3, 7, 47, 151, 46933
List the prime factors of 274898689.
13, 21146053
List the prime factors of 67217805.
3, 5, 1493729
What are the prime factors of 172227176?
2, 11, 47, 41641
What are the prime factors of 69057101?
67, 1030703
List the prime factors of 146391365.
5, 167, 199, 881
List the prime factors of 305383640.
2, 5, 701, 10891
List the prime factors of 114924619.
103, 1115773
What are the prime factors of 56903890?
2, 5, 2099, 2711
What are the prime factors of 133842013?
53, 137, 18433
List the prime factors of 33998339.
33998339
What are the prime factors of 54650411?
1109, 49279
List the prime factors of 39415312.
2, 79, 31183
List the prime factors of 1655683403.
11, 150516673
List the prime factors of 133681581.
3, 11, 1350319
What are the prime factors of 80344827?
3, 8927203
What are the prime factors of 1698289932?
2, 3, 337, 419953
List the prime factors of 184640762.
2, 1019, 90599
List the prime factors of 145426825.
5, 5817073
What are the prime factors of 32612836?
2, 37, 220357
List the prime factors of 1559145404.
2, 389786351
What are the prime factors of 74176717?
74176717
List the prime factors of 1590074676.
2, 3, 6053, 7297
List the prime factors of 280995135.
3, 5, 53, 353453
What are the prime factors of 1177694259?
3, 7, 251, 223429
What are the prime factors of 3658294781?
59333, 61657
What are the prime factors of 2123046344?
2, 8597, 30869
List the prime factors of 30093969.
3, 10031323
List the prime factors of 3600719878.
2, 7, 163, 1577879
List the prime factors of 1239728904.
2, 3, 17218457
What are the prime factors of 3327804283?
3327804283
What are the prime factors of 26515781?
26515781
What are the prime factors of 2955474106?
2, 13, 17, 1361
List the prime factors of 28749558.
2, 3, 487, 9839
List the prime factors of 5623541805.
3, 5, 7, 53557541
What are the prime factors of 1487688490?
2, 5, 461, 322709
List the prime factors of 1218984933.
3, 683, 594917
What are the prime factors of 43440598?
2, 971, 22369
What are the prime factors of 1018796885?
5, 203759377
What are the prime factors of 3545350511?
89, 307, 129757
What are the prime factors of 1524142851?
3, 7, 11, 6598021
What are the prime factors of 394418063?
13, 281, 107971
List the prime factors of 2257614536.
2, 223, 1265479
What are the prime factors of 163595991?
3, 13, 4194769
What are the prime factors of 14901698?
2, 7, 1064407
List the prime factors of 1485114548.
2, 421, 881897
What are the prime factors of 6544461?
3, 7, 11, 41, 691
List the prime factors of 54768879.
3, 11, 61469
What are the prime factors of 1788081682?
2, 894040841
What are the prime factors of 119723952?
2, 3, 113, 22073
What are the prime factors of 514241583?
3, 171413861
List the prime factors of 23566590.
2, 3, 5, 17, 73, 211
List the prime factors of 2852323385.
5, 570464677
What are the prime factors of 1587788082?
2, 3, 211, 46451
What are the prime factors of 60182141?
60182141
List the prime factors of 1121800391.
1121800391
What are the prime factors of 1791861507?
3, 1439, 15373
What are the prime factors of 1740736537?
1740736537
What are the prime factors of 80695620?
2, 3, 5, 448309
What are the prime factors of 22702999?
11, 2063909
What are the prime factors of 72595733?
7, 1187, 8737
What are the prime factors of 344270450?
2, 5, 6885409
What are the prime factors of 1764333872?
2, 7, 3209, 4909
What are the prime factors of 5700528135?
3, 5, 126678403
List the prime factors of 108621248.
2, 389, 4363
What are the prime factors of 152864775?
3, 5, 7, 71, 1367
What are the prime factors of 55436081?
29, 1911589
What are the prime factors of 1158859903?
1158859903
List the prime factors of 168611121.
3, 7, 2676367
List the prime factors of 810242726.
2, 19, 1283, 16619
What are the prime factors of 159571133?
107, 401, 3719
List the prime factors of 995677683.
3, 7, 11, 13, 131, 2531
What are the prime factors of 199055386?
2, 23, 53, 81647
List the prime factors of 114947361.
3, 12771929
What are the prime factors of 3645641839?
7, 520805977
List the prime factors of 1114219252.
2, 278554813
What are the prime factors of 402373306?
2, 17, 11834509
What are the prime factors of 40393599?
3, 13464533
What are the prime factors of 170471422?
2, 11, 109, 71089
What are the prime factors of 975614065?
5, 41, 4759093
What are the prime factors of 638868582?
2, 3, 11, 919, 3511
List the prime factors of 414718187.
13, 19, 43, 39047
What are the prime factors of 49550295?
3, 5, 3303353
What are the prime factors of 14740817?
7, 13, 73, 317
What are the prime factors of 35979891?
3, 11993297
What are the prime factors of 332207659?
7, 17, 2791661
What are the prime factors of 6162002104?
2, 17, 131, 345869
List the prime factors of 314439724.
2, 6841, 11491
List the prime factors of 7495797156.
2, 3, 29, 839, 25673
What are the prime factors of 147364040?
2, 5, 3684101
What are the prime factors of 575577400?
2, 5, 2877887
List the prime factors of 434335487.
434335487
What are the prime factors of 37599638?
2, 59, 318641
List the prime factors of 164064469.
89, 1843421
What are the prime factors of 398162059?
89, 4473731
List the prime factors of 3118146952.
2, 449, 868081
List the prime factors of 130764032.
2, 7, 43, 1697
What are the prime factors of 2019207815?
5, 83, 4865561
What are the prime factors of 28084659?
3, 1019, 9187
What are the prime factors of 194098140?
2, 3, 5, 359441
List the prime factors of 264915173.
23, 463, 24877
List the prime factors of 632947062.
2, 3, 11, 